uppose -4 = p + 2*u, -3*p + 4*u + 22 = 2*p. Let l be p/8 + (-14)/(-8). Give a(l).
-3
Let k(y) = -y + 4. Let l = 758 + -761. Give k(l).
7
Let c be (-7)/((-35)/(-25)) + (6 - 1). Let i(d) = -d**2 + d + 2. Determine i(c).
2
Let t(r) = 4*r - 2. Let o(f) = 2*f - 4. Let l be o(5). Let i be (5 + -1)/(l/(-3)). Determine t(i).
-10
Let f(u) = -u**3 + 8*u**2 - 9*u + 2. Let z be (-1*(-14)/5)/(18/45). Calculate f(z).
-12
Let s(y) = -y**2 - 10. Let a be 5*2*(-1)/(-5). Suppose -a*z - 6 = -2*q - 5*z, 2*z = 4. Determine s(q).
-10
Let j(r) be the first derivative of 7*r**4/4 - 2*r**3/3 + r**2/2 - 198. Calculate j(1).
6
Let g = 8 + 1. Let b(f) be the second derivative of f**5/20 - 2*f**4/3 - 5*f**3/3 + 3*f**2/2 - 3*f - 3. What is b(g)?
-6
Let j = -124 - -138. Let s be (2 - (-174)/(-21)) + 4/j. Let z(v) = 3*v + 6. Determine z(s).
-12
Let w(g) = g**3 + 3*g**2 - g. Let f(n) = -5*n**3 - 29*n**2 + 2*n - 12. Let p(v) = f(v) + 3*w(v). Determine p(-10).
-2
Let z be (-55)/(-10) + (-1)/2. Let i(c) = -c**2 + 3*c + 7. Determine i(z).
-3
Let z(m) = -5*m**2 - 2*m - 4. Suppose -q + 30*h = 34*h - 3, 2*q - 4*h = -6. Determine z(q).
-7
Let y(m) = -5*m**3 + m - 1. Let j be y(1). Suppose 15*g = 64 - 19. Let s = g + j. Let c(z) = -2*z. What is c(s)?
4
Suppose -7*k - 20 + 13 = 0. Let d(g) = 0 - 2 + 27*g - 4*g + 3. Determine d(k).
-22
Suppose 8*z - 22 + 6 = 0. Suppose 4*r - 4 = z*r. Let j(d) = -d**2 + 2*d - 3. What is j(r)?
-3
Let x(d) = 4*d**2 - 2 + 5 - 3*d**2 - 2*d. Let z(l) = -2*l**2 + 5*l - 7. Let s(w) = -13*x(w) - 6*z(w). Calculate s(-6).
-9
Let u(j) be the second derivative of -1/6*j**4 + 1/6*j**3 + 3*j + 0 - j**2. Suppose a = -3*n + 3, a - 7 = -4*n - 2. Give u(n).
-8
Let i(v) = v**3 - 2*v**2 - 5*v + 1. Let z(n) = -n**3 + n - 1. Let a(x) = i(x) + 2*z(x). What is a(-2)?
5
Let l(v) = v**2 - 1. Suppose 3*z - 16 = -7. Let m be l(z). Let t(g) = g - 14. Calculate t(m).
-6
Let k(d) = -7*d - 28. Let g be k(-4). Let y(u) be the second derivative of u**5/20 + 2*u**2 + 3*u. Determine y(g).
4
Let m(i) = i**3 + 4*i**2 - i - 1. Let h = -89 + 91. Suppose -4*z = 2*c + 22, 2*c = 3*z - h*c. Give m(z).
3
Let k(f) = -f**3 - 7*f**2 - 8*f - 3. Let p be -1 - 80/15 - 4/(-12). Calculate k(p).
9
Let w(p) be the second derivative of 5*p**2 - 6*p + 1/3*p**3 + 0. Determine w(-7).
-4
Let u(j) be the third derivative of -j**9/60480 - j**8/5040 - j**7/2520 + j**6/360 + j**5/6 - 4*j**2. Let d(q) be the third derivative of u(q). Give d(-2).
-2
Suppose -c - 2*d = -0*d - 10, -3*c = d - 15. Suppose c - 18 = 7*h. Let b(g) = -5*g + 1. What is b(h)?
11
Let c(r) = -3*r - r + 3*r - 2*r - 3 + 5*r. Determine c(0).
-3
Let i(q) be the second derivative of -q**7/2520 + q**6/720 + q**5/120 + 4*q**4/3 - 11*q. Let w(s) be the third derivative of i(s). Determine w(2).
-1
Let o(g) = 4*g**2 - 22*g - 4. Let j(b) be the first derivative of -b**3/3 + 7*b**2/2 + b + 3. Let h(i) = 7*j(i) + 2*o(i). Give h(-5).
-1
Let q(a) = -16*a**2 - 7*a - 1. Let t(n) = 11*n**2 + 8*n + 2. Let h(z) = -2*q(z) - 3*t(z). What is h(-10)?
-4
Let b(u) be the second derivative of -u**3/6 + 29*u**2/2 + 41*u. Give b(0).
29
Let l(a) be the first derivative of -a**3 + 0*a**2 + 1/4*a**4 + 4*a + 3. Calculate l(3).
4
Let p(w) = w**2 + 2*w - 1. Let r(i) = -i**3 + 14*i**2 - 29*i + 57. Let t be r(12). Give p(t).
2
Let l(b) = b**3 + 4*b**2 - 6*b + 6. Let y(n) = -n**2 - 8*n - 2. Let v be y(-7). Suppose 0 = v*j + 39 + 106. Let m = j + 24. Give l(m).
11
Let t(m) = 6*m**3 + 3*m**2 - 4*m + 4. Suppose -d + 0 = -6. Let s(n) = 7*n**3 + 4*n**2 - 4*n + 4. Let i(h) = d*t(h) - 5*s(h). Give i(3).
1
Let c(r) = 7*r - 10. Let h(m) = -2*m + 3. Let a(p) = c(p) + 3*h(p). Let d be (-2)/3 - 8/(-3). What is a(d)?
1
Let x(y) = -4*y + 3*y - 8*y**2 + 14*y**2 - 5*y**2. Let s = 1 - 4. Let c be -2 - -1*(0 - s). What is x(c)?
0
Let t(f) = 4*f**3 + 8*f**2 - 8*f - 3. Let v(u) = u**3 + u**2 - u - 1. Let d(z) = t(z) - 3*v(z). Let h = 37 - 21. Let b = 10 - h. Determine d(b).
-6
Let y(f) = -f**3 + f**2 + 2*f - 4. Let r be ((-110)/44)/((-10)/12). Determine y(r).
-16
Let x = 707 - 695. Let s(d) = -2*d + 29. Determine s(x).
5
Let b(n) = -19*n + 2. Let c(f) = 9*f - 1. Let q(x) = -2*b(x) - 5*c(x). Suppose 2*h - z = 7*h + 4, 4*h - 1 = -5*z. What is q(h)?
8
Let y be 1/4 - (-14)/8. Suppose -4*n - 2*k + 6 = 0, y*k = 4*k + 6. Let m(j) = j**2 - 80450*j - 2*j**2 + 0*j**3 + 6*j**2 + 80448*j - j**3. What is m(n)?
12
Suppose -150*h = -122*h + 56. Let f(u) = -10*u - 9. Let a(t) = -t**2 + 21*t + 19. Let d(v) = 6*a(v) + 13*f(v). Give d(h).
-19
Let z(d) = -14*d**3 + 2*d**3 - 21*d**2 + 5 + 10*d**3 - 10*d. Calculate z(-10).
5
Let y(i) = -i + 7. Suppose 0 = j - 67 - 27. Let p = j + -88. What is y(p)?
1
Suppose -2*w = -w - 3. Suppose -5*y + 2 = 5*g - 8, 0 = w*y - 3. Let s(q) = -q - 1. Determine s(g).
-2
Let a(i) = 6*i - 3. Let x(n) = n**2 + n - 1. Let r(w) = a(w) - 4*x(w). What is r(2)?
-11
Let t(p) = 11*p - 36. Let a be t(4). Let h(u) = -u**3 + 7*u**2 + 9*u - 2. Calculate h(a).
6
Let k(j) be the first derivative of -j**4/24 + j**3/3 + 7*j**2 + 14. Let x(b) be the second derivative of k(b). Give x(4).
-2
Suppose 3*q - 1 + 7 = -3*n, -5*n = -q - 8. Let p(i) be the second derivative of -1/6*i**3 + 53*i + 0 + 1/12*i**4 - 1/2*i**2. What is p(n)?
-1
Let t(q) = -3*q + 1. Let j(d) = -d + 1. Let r(f) = 2*j(f) - t(f). Let m = 1680 - 1679. What is r(m)?
2
Let a(w) = -3 + w**2 + 3 - 3*w**3. Let d be a(1). Let g(y) = -2 - 182*y**2 - 4*y + 369*y**2 - 3 - 186*y**2 + 2. Determine g(d).
9
Suppose 9*x - 5 = 10*x. Let h(k) = 7*k + 1. What is h(x)?
-34
Let y be 144/14 - 2/7. Let r be (-2 - 13)*(-6)/y. Let a(g) = r + 3 - 9*g + 8*g. Calculate a(8).
4
Let n(w) be the third derivative of w**5/60 - w**4/4 - w**3/3 + 3*w**2. Let h be ((-18)/(-5))/(4/10). Let f = h + -3. Give n(f).
-2
Let k be 1/(-2)*96/16. Let g(v) = v**2 + 3*v. What is g(k)?
0
Let p(a) = 11*a - 784. Let h be p(72). Let i(j) = -j**2 + 4*j + 4. Let q(x) = -x - 1. Let g(m) = i(m) - 3*q(m). Determine g(h).
-1
Suppose 29*g + 46 = 6*g. Let o(l) = -4*l**3 - l**2 + l + 1. Determine o(g).
27
Suppose w = -0*w - 2. Let f be (w - 9)/(3/(-222)). Let i(j) = 2*j**2 + 2*j + f*j**3 + 1 - 824*j**3 - 4*j. Calculate i(1).
-9
Suppose -5*w - 17 = -4*s, 5*s + 43*w - 44*w - 16 = 0. Let x(b) be the second derivative of -2/3*b**s + 2*b + 0 - 7/2*b**2. Determine x(-5).
13
Let t(i) = -i**3 - 3*i**2 - i + 1. Suppose -5*f + 40 = 10. Suppose 0 = 6*r + 6 + f. Calculate t(r).
-1
Let j(o) = 32*o - 24. Let g(b) = 11*b - 10. Let k(w) = -8*g(w) + 3*j(w). Give k(-2).
-8
Let a(q) = -12*q + 11*q - 2*q - q + 1. Let v be 4/(-3) - (-4)/(-6). Calculate a(v).
9
Suppose -2*b + 13 = s, 5*b + 2*s - 31 = -2*s. Let t(g) = 2*g - 16. Determine t(b).
-2
Let g(k) = -10*k**3 + 2*k**2 - 3*k + 2. Let b be (27/54)/((-2)/(-4)). Calculate g(b).
-9
Let w = 17 + -20. Let c = 5 + w. Let z(d) = -5*d**2 + 4*d - 3. Determine z(c).
-15
Suppose -110 = -52*p + 74*p. Let a(v) be the second derivative of v**5/20 + 5*v**4/12 + v**2 - 3*v. Determine a(p).
2
Suppose -x = 4*x - 15. Let c(s) = -s - 2. Let r be c(3). Let h(n) = -6*n**2 - 6*n + 9. Let g(i) = 5*i**2 + 5*i - 8. Let p(w) = r*g(w) - 4*h(w). Give p(x).
-8
Let m(g) = g**3 + 2*g**2 - 2*g + 3. Let i = 71 + -75. Calculate m(i).
-21
Let b(m) = 3*m + 23. Let x(c) be the first derivative of c**2 + 15*c + 7. Let v(f) = -5*b(f) + 8*x(f). Let z be 4/(-18) + (-141)/(-27). Determine v(z).
10
Let b(t) = -3*t - 14*t**2 + 0*t**2 + 5*t**2 - 6 + 10*t**2 + 1. Determine b(6).
13
Let g = 24 + -12. Suppose -2*s + 23 = 5*i, -3*i - 3*s = -3 - 18. Suppose -g = -i*j + 3. Let p(m) = m**2 - 4*m - 1. Give p(j).
4
Let x(z) = -5*z**2 - 7*z + 38. Let b(i) = -3*i**2 - 3*i + 21. Let k(w) = -7*b(w) + 4*x(w). What is k(4)?
-7
Let j = -1879 + 1881. Let d(h) be the third derivative of 0 + 0*h + 1/2*h**3 - 1/8*h**4 + 7*h**j + 1/60*h**5. Determine d(2).
1
Let j be (-3)/((-21)/43) - 120/(-140). Let f(l) = -2*l + 20. Determine f(j).
6
Let w(k) = k**3 - 28*k**2 - 33*k + 119. Let z be w(29). Let u(g) = -2*g - 1. What is u(z)?
-7
Let g(y) be the second derivative of -y**5/120 + y**4/2 - 5*y**3/6 - 8*y. Let q(w) be the second derivative of g(w). Determine q(5).
7
Let b(u) be the third derivative of -u**6/120 - u**5/5 - 13*u**4/24 - 13*u**3/6 + 791*u**2. What is b(-11)?
9
Let a be ((-16)/(-56))/((-2)/(-14))*1. Let y(l) be the first derivativ